{"id":99,"date":"2022-10-18T21:49:37","date_gmt":"2022-10-19T00:49:37","guid":{"rendered":"https:\/\/abracoevida.ong.br\/?page_id=99"},"modified":"2022-10-19T08:38:30","modified_gmt":"2022-10-19T11:38:30","slug":"doacoes","status":"publish","type":"page","link":"https:\/\/abracoevida.ong.br\/?page_id=99","title":{"rendered":"Doa\u00e7\u00f5es"},"content":{"rendered":"\n<div class=\"wp-block-media-text alignwide is-stacked-on-mobile is-vertically-aligned-center\" style=\"grid-template-columns:41% auto\"><figure class=\"wp-block-media-text__media\"><img loading=\"lazy\" decoding=\"async\" width=\"522\" height=\"647\" src=\"http:\/\/abracoevida.ong.br\/wp-content\/uploads\/2022\/10\/IsavQrCode.jpeg\" alt=\"\" class=\"wp-image-86 size-full\" srcset=\"https:\/\/abracoevida.ong.br\/wp-content\/uploads\/2022\/10\/IsavQrCode.jpeg 522w, https:\/\/abracoevida.ong.br\/wp-content\/uploads\/2022\/10\/IsavQrCode-242x300.jpeg 242w\" sizes=\"auto, (max-width: 522px) 100vw, 522px\" \/><\/figure><div class=\"wp-block-media-text__content\">\n<p> <\/p>\n\n\n\n<figure class=\"wp-block-image size-full is-resized\"><img loading=\"lazy\" decoding=\"async\" src=\"http:\/\/abracoevida.ong.br\/wp-content\/uploads\/2022\/10\/Doa1.jpg\" alt=\"\" class=\"wp-image-180\" width=\"452\" height=\"543\" srcset=\"https:\/\/abracoevida.ong.br\/wp-content\/uploads\/2022\/10\/Doa1.jpg 462w, https:\/\/abracoevida.ong.br\/wp-content\/uploads\/2022\/10\/Doa1-250x300.jpg 250w\" sizes=\"auto, (max-width: 452px) 100vw, 452px\" \/><\/figure>\n<\/div><\/div>\n\n\n\n<ul class=\"wp-block-list\"><li>ALIMENTOS ( Mantemos + de 25 pessoas ) &#8211; B\u00e1sicos (Arroz, Feij\u00e3o, A\u00e7ucar, Caf\u00e9, \u00d3leo, Farinhas&#8230; etc)<\/li><li>Carnes \/ Aves \/ Peixes \/ Ovos \/ Leites e derivados<\/li><li>Frutas \/ Verduras \/ Legumes <\/li><li>Produtos de Higi\u00eane e Limpeza<\/li><li>Roupas e Sapatos<\/li><\/ul>\n","protected":false},"excerpt":{"rendered":"<p>ALIMENTOS ( Mantemos + de 25 pessoas ) &#8211; B\u00e1sicos (Arroz, Feij\u00e3o, A\u00e7ucar, Caf\u00e9, \u00d3leo, Farinhas&#8230; etc) Carnes \/ Aves \/ Peixes \/ Ovos \/ Leites e derivados Frutas \/ Verduras \/ Legumes Produtos de Higi\u00eane e Limpeza Roupas e Sapatos<\/p>\n","protected":false},"author":1,"featured_media":0,"parent":0,"menu_order":0,"comment_status":"closed","ping_status":"closed","template":"","meta":{"footnotes":""},"class_list":["post-99","page","type-page","status-publish","hentry"],"_links":{"self":[{"href":"https:\/\/abracoevida.ong.br\/index.php?rest_route=\/wp\/v2\/pages\/99","targetHints":{"allow":["GET"]}}],"collection":[{"href":"https:\/\/abracoevida.ong.br\/index.php?rest_route=\/wp\/v2\/pages"}],"about":[{"href":"https:\/\/abracoevida.ong.br\/index.php?rest_route=\/wp\/v2\/types\/page"}],"author":[{"embeddable":true,"href":"https:\/\/abracoevida.ong.br\/index.php?rest_route=\/wp\/v2\/users\/1"}],"replies":[{"embeddable":true,"href":"https:\/\/abracoevida.ong.br\/index.php?rest_route=%2Fwp%2Fv2%2Fcomments&post=99"}],"version-history":[{"count":14,"href":"https:\/\/abracoevida.ong.br\/index.php?rest_route=\/wp\/v2\/pages\/99\/revisions"}],"predecessor-version":[{"id":200,"href":"https:\/\/abracoevida.ong.br\/index.php?rest_route=\/wp\/v2\/pages\/99\/revisions\/200"}],"wp:attachment":[{"href":"https:\/\/abracoevida.ong.br\/index.php?rest_route=%2Fwp%2Fv2%2Fmedia&parent=99"}],"curies":[{"name":"wp","href":"https:\/\/api.w.org\/{rel}","templated":true}]}}